ivisor of c and l.
60
Suppose 4*s = -3*z + 2283, -4*s - 4*z - 249 + 2533 = 0. Suppose 765 = 5*k + 3*c - 171, -3*k + s = -c. What is the highest common divisor of 28 and k?
7
Let a(p) = p**2 + 33*p - 327. Let b be a(-42). What is the highest common divisor of 5151 and b?
51
Let w = 516 - 196. Suppose -x - w = -9*x. Calculate the highest common divisor of x and 320.
40
Let j = 23 - 15. Suppose 401 = 4*i + 5*p, -4*p = -3*i + 24 + 238. Suppose 5*b - 104 + i = 0. Calculate the highest common divisor of b and j.
2
Let c = 1895 - 1811. Calculate the highest common factor of 11816 and c.
28
Let g be (-104)/18*1458/(-216). Let f = -9 + 15. What is the highest common factor of g and f?
3
Let l = 2222 + -1304. Suppose 4*d + l = 13*d. Let a be (-1)/1 - (-34 + -1). Calculate the greatest common factor of a and d.
34
Let q = -1087 + 2168. What is the highest common divisor of 23 and q?
23
Let v be (9/(-6))/(11*69/(-2024)). What is the highest common factor of 9112 and v?
4
Suppose -58 + 22 = -3*v. Let m be -2 + 14 - (7 + -1). Suppose -576 = -10*c + m*c. What is the highest common divisor of v and c?
12
Let x(s) = -s**2 + 20*s - 38. Let m be x(18). Let t be (531/13 - -1) + m/(-13). Let p be 2/6 - 186/(-9). What is the highest common divisor of t and p?
21
Let f = 4909 - 3994. Calculate the greatest common factor of f and 120.
15
Let l(f) = 27*f**2 + 57*f + 10. Suppose 0 = 3*a + 4*o - 1 - 0, -4*a + o - 24 = 0. Let n be l(a). What is the greatest common factor of n and 25?
25
Suppose -3*y = 4*z - 13056 + 1844, -y - z + 3739 = 0. What is the highest common factor of 36 and y?
36
Let o = 189 + -133. Calculate the highest common factor of 116 and o.
4
Suppose -106 + 678 = 4*b. Let y be (45/12 - 3)*(46816/84)/38. Calculate the highest common factor of b and y.
11
Let a = 398 - 524. Let d be a/1575 + 504/50. What is the greatest common factor of 70 and d?
10
Let c be (2/(-4))/((-2)/8 - (-330)/1340). Let o be 3/((-15)/(-1670)) + (2 - 1). Calculate the greatest common factor of o and c.
67
Let c(k) = 12*k**2 - 3*k. Let y be c(-6). Suppose -9*b = -4*b - y. Suppose 5*v - 11*v = -b. Calculate the greatest common factor of v and 6.
3
Let m be (328/3)/(((-10)/12)/((-420)/336)). Calculate the greatest common factor of m and 9143.
41
Suppose -10*r + 228 + 2 = 0. Calculate the highest common divisor of 3013 and r.
23
Let s = 1434 + 1393. What is the highest common divisor of s and 55?
11
Let b(r) = -6 - 3*r - 4*r - r + 7*r. Let f be b(-12). Let s = 178 + -124. What is the highest common factor of f and s?
6
Suppose -102765 = -64*h - h. What is the greatest common divisor of h and 1209?
93
Let c(r) be the second derivative of 0 + 19*r - 1/3*r**3 - 4*r**2. Let i be c(-7). What is the greatest common divisor of 4 and i?
2
Let c(m) = -83*m**2 + 337*m - 11. Let f be c(4). Suppose o - 2*q - 3*q = -40, -2*q + 107 = -3*o. Let l = o - -53. What is the highest common divisor of f and l?
9
Let z(n) = -5*n**3 - 3*n**2 + 8. Let y be z(-3). What is the highest common factor of y and 58?
58
Let d be 24/(5 + 28/(-8)). Suppose n + 1080 = -0*n + 4*b, 0 = 2*n - 4*b + 2140. Let p be (1/4 - n/d)*2. What is the greatest common factor of p and 19?
19
Suppose 28 + 7 = 4*u - 5*b, b + 25 = 2*u. Let q be (-536)/(-40) + (-6)/u. Calculate the highest common divisor of 117 and q.
13
Suppose 0 = -5*f + 4*f, -3*f = 4*o + 44. Let l = -140 - -93. Let b = o - l. What is the greatest common divisor of b and 9?
9
Let j = 6 - 1. Suppose 5*p - 1060 = -5*r, p = r + 192 + 6. What is the greatest common divisor of j and p?
5
Let l be ((-27)/(-36)*-60)/(6/(-8)). Suppose 5*w - 525 = -3*x - 2*x, 0 = -w - 5*x + 105. What is the highest common divisor of w and l?
15
Let p(f) = 7*f**2 + 6*f + 3. Let w = -178 - -175. Let d be p(w). What is the greatest common divisor of 112 and d?
16
Let l = 33 + -31. Let y(u) = -4*u + l + 7*u - 4*u - u. Let q be y(-5). What is the greatest common divisor of 84 and q?
12
Let b be (-962)/(-8)*-1 + (-72)/(-288). Let w be 7/(-5) - 40488/b. What is the highest common factor of 48 and w?
48
Let f be (114/8)/(33/88). What is the highest common divisor of f and 893?
19
Suppose h + v = 38, 0 = -2*h + 6*h - v - 147. Let s = h + -2. Let c be (-3 + (-28)/(-12))*-21. What is the greatest common divisor of c and s?
7
Suppose 5*p - 4*y = -8, -p = -0*p - 5*y + 10. Suppose p = -4*u - 5*d + 3230, 0 = -20*u + 23*u - 4*d - 2438. Calculate the highest common divisor of 10 and u.
10
Let m = -618 + 3896. Calculate the highest common divisor of 66 and m.
22
Let a = -13531 - -21412. What is the greatest common divisor of 426 and a?
213
Let w be -1 + -8 + -9 - -114. What is the greatest common factor of 204 and w?
12
Let k(b) = b**3 + b**2 - 180*b - 109. Let d be k(15). What is the greatest common divisor of 6102 and d?
113
Let o(y) = -y**3 + 12*y**2 + 17*y - 26. Let l be o(13). Let t = -21 + l. Suppose j - t*j = -84. What is the highest common divisor of j and 14?
7
Let t be -18*(-12 - 145/(-15)). Calculate the highest common divisor of 162 and t.
6
Suppose 19829 + 6281 + 38946 = 107*o. What is the greatest common factor of o and 684?
76
Let f(c) = 5*c - 42. Let u = 211 - 198. Let o be f(u). Calculate the greatest common divisor of o and 1.
1
Let m be 3 - -2 - (-5)/(10/(-4)). Let g be 1*(1 - m) + 13. Let l = g - 10. What is the greatest common divisor of 5 and l?
1
Let j be (-4)/(-5 + 12 + -6)*10. Suppose 4*i + 4*u - 4 = 3*i, 12 = 3*i - 5*u. Let n be (20/j)/((-2)/i). Calculate the greatest common divisor of 11 and n.
1
Suppose -100*d + 8*d = -403 - 1437. Let p = 871 + 289. Calculate the greatest common factor of d and p.
20
Let m(z) = 10*z**2 + 12 + 0*z**2 - 9*z + z**2 - z**2 - 2*z**3 + z**3. Let w be m(9). Calculate the highest common divisor of w and 48.
12
Let u(h) = -h**3 + 123*h**2 + 254*h + 877. Let c be u(125). What is the highest common factor of c and 238?
17
Let h be 7 - ((-7)/21 + 20/6). Suppose -4*z = g - 34, -h*g + 7*g - 5*z - 119 = 0. Calculate the highest common divisor of g and 418.
38
Let v(s) = 152*s**3 - 3*s**2 + 12*s - 8. Let j be v(2). What is the highest common divisor of 40 and j?
20
Let a be 50/75*(204 - 15). Calculate the greatest common divisor of a and 1610.
14
Let v(h) = 69 + 7*h + 2*h**2 - 27*h - h**2. Let c be ((-4)/(-6))/(8 + (-1912)/240). Let b be v(c). What is the highest common factor of b and 115?
23
Let h be (-4)/7*(-84)/24. Let y(v) = -8*v + 54. Let z be y(h). Calculate the highest common factor of z and 247.
19
Let v = 11307 + -10794. Calculate the highest common factor of 69 and v.
3
Let p(d) = 7*d - 105. Suppose 93 - 131 = -2*z. Let k be p(z). Calculate the highest common factor of 4 and k.
4
Let j = 54 - -31. Let w = -81 + j. Suppose -31*i + w = -30*i. What is the greatest common divisor of i and 44?
4
Let w = 5 + 3. Suppose -34 - w = -3*i. Let z(r) = r**3 - 45*r**2 + 463*r - 362. Let l be z(30). Calculate the highest common divisor of l and i.
14
Let r(j) = -j**3 - 6*j**2 + 2. Let w be r(-6). Suppose 0 = 6*y + 23 + 7. Let n be (y + 4)/(w/(-28)). What is the greatest common divisor of 154 and n?
14
Suppose 0*u + 2*u = 2, 5*r - 3*u = 42. Suppose 0 = 2*v - r - 21. Suppose 0 = 4*d + d - v. Calculate the highest common factor of 1 and d.
1
Let v be (7/((-119)/(-9452)))/2. Calculate the highest common factor of v and 14.
2
Let w(i) = -160*i - 1248. Let f be w(-10). Calculate the highest common divisor of f and 77.
11
Suppose -12*s + 27*s - 3240 = 0. Let l = s - 111. Calculate the highest common divisor of l and 35.
35
Suppose -28 - 2 = 3*s. Let v be 28/(-70) - (-56)/s. Let k be (9 - v)*(-4)/6*-3. What is the greatest common factor of 60 and k?
30
Suppose 0*g = 10*g + 70. Let v = g - -7. Suppose v = 4*f + 4*i, 2*f - 6 = f + 2*i. What is the highest common divisor of f and 14?
2
Let m(l) = -3*l + 12. Let r be m(3). Suppose -r*s - s = 4*t - 16, 5*s = -15. Suppose 10 = 2*w + 8. What is the highest common divisor of w and t?
1
Let k = -1665 - -995. Let m = k + 976. What is the greatest common factor of 68 and m?
34
Suppose -2*j + 11 + 35 = -3*x, 5*x + 20 = 0. Let d = -79938 - -79955. Calculate the highest common divisor of d and j.
17
Let x be (-12)/(2 + -5) - -1. Let a(r) = 3*r - 5. Let j be a(3). Suppose 3*m + 0*y - 2 = -j*y, -x*m + 5*y = -15. What is the greatest common divi